 a composite number?
True
Is 8653 a prime number?
False
Is 2183 a prime number?
False
Is 2321881 a composite number?
False
Is 112967 a prime number?
True
Is 424397 composite?
False
Is 3593 composite?
False
Is 88397 composite?
False
Is 19857 a prime number?
False
Is 17023 a composite number?
True
Is 66067 a composite number?
False
Is 6997 a composite number?
False
Is 11013 composite?
True
Is 2309 composite?
False
Is 143837 a composite number?
True
Is 1404107 prime?
True
Is 7754 a prime number?
False
Is 141 a prime number?
False
Is 84347 a composite number?
False
Is 14302 composite?
True
Is 65761 composite?
False
Is 109946 a composite number?
True
Is 34841 a prime number?
True
Is 7343 composite?
True
Is 44413 prime?
False
Is 1087 prime?
True
Is 1903 composite?
True
Is 10121 composite?
True
Is 42767 a composite number?
False
Is 2665946 a prime number?
False
Is 10977 prime?
False
Is 489287 a composite number?
True
Is 316291 a composite number?
False
Is 446503 a composite number?
False
Is 23207 a composite number?
True
Is 7609 prime?
False
Is 396157 a composite number?
False
Is 132413 a composite number?
True
Is 206993 prime?
True
Is 179897 a composite number?
False
Is 2789 composite?
False
Is 11269 prime?
False
Is 799 composite?
True
Is 46429 prime?
False
Is 16663 a composite number?
True
Is 91183 prime?
True
Is 27458 a composite number?
True
Is 66337 composite?
False
Is 144223 a composite number?
False
Is 3137 composite?
False
Is 123763 a prime number?
False
Is 181531 composite?
True
Is 343415 a composite number?
True
Is 26449 a prime number?
True
Is 156413 composite?
True
Is 260527 a composite number?
False
Is 1687551 prime?
False
Is 11411 a composite number?
False
Is 2827027 prime?
False
Is 9617 composite?
True
Is 42589 a composite number?
False
Is 5099 a composite number?
False
Is 406781 a composite number?
True
Is 2453 prime?
False
Is 35311 a composite number?
False
Is 6449 a prime number?
True
Is 323123 a composite number?
False
Is 710929 a composite number?
False
Is 47251 composite?
False
Is 34583 a composite number?
False
Is 262011 composite?
True
Is 564427 a composite number?
True
Is 373 composite?
False
Is 14461 composite?
False
Is 14969 prime?
True
Is 55589 a composite number?
False
Is 665027 a composite number?
True
Is 9347 prime?
False
Is 2785 prime?
False
Is 394213 a composite number?
True
Is 30727 a composite number?
False
Is 15443 a composite number?
False
Is 12869 prime?
False
Is 111467 composite?
False
Is 1473 prime?
False
Is 24593 a prime number?
True
Is 91201 composite?
True
Is 12497 composite?
False
Is 10729 composite?
False
Is 80267 a prime number?
False
Is 38383 composite?
True
Is 7789 a composite number?
False
Is 146087 a composite number?
True
Is 8009 a composite number?
False
Is 1277501 composite?
False
Is 603627 composite?
True
Is 334973 a prime number?
True
Is 757 composite?
False
Is 3082231 a prime number?
True
Is 66029 a prime number?
True
Is 104477 composite?
True
Is 711869 a composite number?
True
Is 1095401 composite?
False
Is 123023 composite?
True
Is 20261 composite?
False
Is 35521 a prime number?
True
Is 907957 composite?
False
Is 323149 prime?
True
Is 16477 a composite number?
False
Is 174599 a composite number?
False
Is 84773 a prime number?
False
Is 233837 prime?
True
Is 135529 a composite number?
True
Is 300089 prime?
True
Is 99094 a prime number?
False
Is 871 a prime number?
False
Is 13649 composite?
False
Is 38297 prime?
False
Is 11665 composite?
True
Is 66221 composite?
False
Is 4327 a prime number?
True
Is 1081445 a composite number?
True
Is 502 a composite number?
True
Is 9533 prime?
True
Is 3841 composite?
True
Is 524561 a prime number?
False
Is 209239 a prime number?
False
Is 7087 a prime number?
False
Is 4045 a prime number?
False
Is 98657 a prime number?
False
Is 32251 a composite number?
False
Is 261509 a prime number?
True
Is 25189 prime?
True
Is 7981 composite?
True
Is 443605 composite?
True
Is 62917 prime?
False
Is 188519 prime?
True
Is 31606 a composite number?
True
Is 122313 prime?
False
Is 6007 prime?
True
Is 18897 composite?
True
Is 5381 a prime number?
True
Is 8441 composite?
True
Is 9229 composite?
True
Is 843 a prime number?
False
Is 16729 a prime number?
True
Is 88999 a prime number?
False
Is 18743 prime?
True
Is 17473 a prime number?
False
Is 5897 a prime number?
True
Is 335371 a composite number?
True
Is 2719 a composite number?
False
Is 3433 a prime number?
True
Is 20939 a prime number?
True
Is 1087 composite?
False
Is 342371 composite?
False
Is 14189 a prime number?
False
Is 118423 composite?
False
Is 19531 a prime number?
True
Is 69837 prime?
False
Is 7754 a composite number?
True
Is 979315 a composite number?
True
Is 3557 prime?
True
Is 1765219 composite?
True
Is 391 a composite number?
True
Is 18129 prime?
False
Is 10211 prime?
True
Is 22123 composite?
False
Is 129279 prime?
False
Is 117961 composite?
True
Is 1438693 a prime number?
False
Is 3493 prime?
False
Is 20005 a prime number?
False
Is 8287 composite?
False
Is 333803 prime?
True
Is 5731 composite?
True
Is 2069531 a prime number?
True
Is 2608739 composite?
True
Is 25147 a prime number?
True
Is 416147 composite?
False
Is 1494629 prime?
False
Is 6241 a prime number?
False
Is 48293 prime?
False
Is 25879 prime?
False
Is 270157 prime?
True
Is 673 a prime number?
True
Is 209383 a prime number?
False
Is 162662 prime?
False
Is 23605 prime?
False
Is 233911 prime?
True
Is 3946 a prime number?
False
Is 15709 composite?
True
Is 2939 composite?
False
Is 37483 prime?
True
Is 851009 a composite number?
False
Is 47933 a prime number?
True
Is 56195 prime?
False
Is 901735 prime?
False
Is 6119 prime?
False
Is 3606661 a prime number?
True
Is 73258 a prime number?
False
Is 11545 composite?
True
Is 51767 prime?
True
Is 25111 composite?
False
Is 39661 a prime number?
False
Is 158291 a composite number?
True
Is 253939 a prime number?
False
Is 12131 composite?
True
Is 5849 a prime number?
True
Is 176399 prime?
False
Is 363799 composite?
False
Is 1303427 a composite number?
False
Is 52807 a composite number?
False
Is 136082 composite?
True
Is 724297 a prime number?
False
Is 64849 composite?
False
Is 159287 a composite number?
False
Is 591709 a prime number?
True
Is 825005 composite?
True
Is 67511 composite?
False
Is 12301 a prime number?
True
Is 17183 composite?
False
Is 43853 composite?
False
Is 2333 a prime number?
True
Is 452021 a composite number?
True
Is 8819 a prime number?
True
Is 34433 a composite number?
True
Is 5953 a composite number?
False
Is 712397 prime?
False
Is 560753 composite?
False
Is 9293 a prime number?
True
Is 26831 a composite number?
True
Is 11719 a composite number?
False
Is 9655 a composite number?
True
Is 4699 prime?
False
Is 3359 a composite number?
False
Is 19697 composite?
False
Is 19007 a prime number?
False
Is 28913 a composite number?
True
Is 310019 prime?
True
Is 120453 prime?
False
Is 2965 a composite number?
True
Is 40609 prime?
True
Is 97462 a prime number?
False
Is 11027 composite?
False
Is 20593 a prime number?
True
Is 7289 prime?
False
Is 254931 prime?
False
Is 105643 prime?
False
Is 158113 prime?
True
Is 233759 composite?
False
Is 5089 a composite number?
True
Is 200087 composite?
False
Is 15917 a composite number?
True
Is 229321 composite?
False
Is 735753 a prime number?
False
Is 88099 a prime number?
False
Is 54687 a prime number?
False
Is 920339 prime?
False
Is 275005 a prime number?
False
Is 1104319 composite?
False
Is 150947 a prime number?
False
Is 744919 prime?
False
Is 1555 a composite number?
True
Is 51539 a prime number?
True
Is 101957 a prime number?
True
Is 3317 a prime number?
False
Is 538719 a prime number?
False
Is 770999 a composite number?
True
Is 21809 composite?
True
Is 51781 a composite number?
True
Is 246443 prime?
False
Is 1191 composite?
True
Is 90121 composite?
False
Is 389 composite?
False
Is 204233 a composite number?
False
Is 950497 a composite number?
False
Is 49107 composite?
True
Is 107611 a composite number?
True
Is 992765 composite?
True
Is 113657 a composite number?
False
Is 3907 composite?
False
Is 66979 a composite number?
True
Is 1506595 a composite number?
True
Is 9997 composite?
True
Is 4460837 a composite number?
False
Is 235069 a composite number?
False
Is 74882 com